 = f. What is the remainder when j is divided by 18?
15
Suppose -6*d + d - 396 = -t, 4*d + 2*t + 314 = 0. Let m = -55 - d. What is the remainder when m is divided by 13?
11
Let q = -4 + 13. What is the remainder when 17 is divided by q?
8
Calculate the remainder when 2 - 3 - -33 - -2 is divided by 4.
2
Suppose a + a - 3*m - 5 = 0, -5*a + 4*m = -30. What is the remainder when 29 is divided by a?
9
Suppose 6*c - 20 = c. Suppose -4*s + 3*d + 40 = s, 8 = s + 3*d. Let l = s + 5. Calculate the remainder when l is divided by c.
1
Suppose 2*u - 28 = -4*l, -3*u - 2*l = -50 - 12. What is the remainder when u is divided by 5?
4
Suppose 4*p - 47 = 141. Calculate the remainder when p/(2/(-1) - -3) is divided by 4/6 + 46/3.
15
Suppose -5*h + 3*r = -170, -4 = 4*h - 4*r - 132. Calculate the remainder when h is divided by 19.
18
Let r be 1 - 0 - (-6)/6. Suppose r + 3 = k. What is the remainder when 13 is divided by k?
3
Let d be 11 + 3/(-2 - 1). Let k(l) = l**2 - 9*l + 3. Calculate the remainder when 23 is divided by k(d).
10
Let q(i) = -i**2 + 14*i - 36. Suppose 4*k = 3*k + 57. What is the remainder when k is divided by q(6)?
9
Let f be (-2 - -1)*(6 + -6). Suppose f = -2*v + 2 + 6. Let x(q) = -q - 3. What is the remainder when v is divided by x(-6)?
1
Let y be 13 - ((6 - 3) + 0). Suppose 4*u = -y + 62. Let h = -9 - -33. What is the remainder when h is divided by u?
11
What is the remainder when (-2)/(-4) - (-1845)/30 is divided by 13?
10
Let f(z) = 14*z - 16. Calculate the remainder when 41 is divided by f(2).
5
Let q = 41 - 85. Let u = -18 - q. What is the remainder when 103 is divided by u?
25
Let v be ((-70)/(-25))/(2/10). Suppose -4*h - 9 = 3. What is the remainder when 38 is divided by (v - h - 1) + -3?
12
Let m = -7 - -63. Let k = -37 + m. Calculate the remainder when k is divided by 5.
4
Let y(m) = -8*m - 57. What is the remainder when 34 is divided by y(-8)?
6
Suppose -a = 2 - 6, 5*s - 5*a + 310 = 0. Let x = s - -83. Calculate the remainder when x is divided by 9*((-1)/1 + 2).
7
Let s(f) be the first derivative of f**2/2 - 4*f + 3. Let i be s(10). Calculate the remainder when 57 is divided by i/(-3)*-8 - 1.
12
Suppose 4*t + t - 15 = 0. Suppose -t*l + 9 = 6. Calculate the remainder when 1 is divided by l.
0
Let w(z) = -3*z + 6. Let a be w(-6). Suppose 0*o = 2*o - a. Let k(u) = -u**3 - 4*u**2 - 7*u - 6. Calculate the remainder when k(-4) is divided by o.
10
Let u = 20 + -15. Suppose 6*p - p = -2*l + 50, u*l + 30 = 3*p. Suppose 2*i + x - 3 = 2*x, -3*x = -3*i - 3. Calculate the remainder when p is divided by i.
2
Suppose 0 = 2*j - 0*j. Let m = j - 1. Calculate the remainder when 38 is divided by 13 - (3 - (m - -4)).
12
Let m(v) = -3*v**3 - 7*v**2 + 6*v - 5. Let x(i) = 2*i**3 + 7*i**2 - 6*i + 4. Let z(r) = 3*m(r) + 4*x(r). Calculate the remainder when z(4) is divided by 14.
11
Let l(t) = -t**3 - 2*t - 5. Let u be (1/2)/((-1)/8). What is the remainder when l(u) is divided by 17?
16
Calculate the remainder when 67*(4 - -1 - (3 - 0)) is divided by 17.
15
Suppose 0*h - 21 = -3*h. What is the remainder when 25 is divided by h?
4
Let z = -8 - -18. Let r(o) = 18*o**2 - 2*o - 1. Calculate the remainder when r(-1) is divided by z.
9
What is the remainder when 228 is divided by (-5)/(-20) + (-549)/(-12)?
44
Suppose 6 = 2*j - 2. Suppose 2*a = -5*i + 80, 2*i = a + 21 + 20. What is the remainder when 211/j - 2/(-8) is divided by i?
17
Suppose -4*r + 90 = -2*r. What is the remainder when r is divided by 23?
22
Let x = 20 - 18. Suppose 2*y = 4, y + 34 = x*h - 0*y. What is the remainder when 70 is divided by h?
16
Suppose 0 = 5*q + 5*z - 10, 4 = -5*q + z + z. Suppose -2*d - 3*m + 23 = -q*d, -4*m = -3*d + 43. What is the remainder when d is divided by 7?
6
Let v(j) = 2*j**2 - 13*j + 5. Let k = -25 - -32. Suppose 2*m - r = -3*r + 50, -5*r = m - 33. Calculate the remainder when m is divided by v(k).
11
Let f(t) = 5*t - 1. What is the remainder when (-1610)/(-45) - 4/(-18) is divided by f(4)?
17
Let f = -8 - -23. Suppose 3*i + f = 8*i. Suppose 0 = 2*g - 3*g + 8. Calculate the remainder when g is divided by i.
2
Let c be (-6)/(-24) - 9/4. Calculate the remainder when (35/14)/((-1)/c) is divided by 1 - 2/(0 - 2).
1
Let t(s) = s + 6. Let n be t(6). Calculate the remainder when ((-32)/6)/(n/(-18)) is divided by 2.
0
Suppose -4*n - 4*x = 0, 9 = 5*n - x + 3*x. Suppose -n*u + 60 = 18. Calculate the remainder when 27 is divided by u.
13
Let z = -3 + -9. Let h = z - -20. What is the remainder when 31 is divided by h?
7
Let k be (2/(1*-2))/1. Let f(x) be the first derivative of -13*x**4/4 - x**3/3 - x**2/2 - x - 21. Calculate the remainder when 21 is divided by f(k).
9
Let q = -28 - -109. What is the remainder when q is divided by 21?
18
Suppose 0*f - 15*f + 330 = 0. Calculate the remainder when f is divided by 12.
10
Calculate the remainder when 25 is divided by (-2)/((8/26)/(-2)).
12
Suppose 34 = 3*v - 11. What is the remainder when 133 is divided by v?
13
Calculate the remainder when 7 is divided by (-132)/(-110)*(-10)/(-6).
1
Suppose 5*i + 80 = 10*i. What is the remainder when i is divided by 10?
6
Suppose 2*o = 4*o. Suppose o = -3*j - 0 + 3. Suppose 0 = -4*w - j + 17. Calculate the remainder when 9 is divided by w.
1
Suppose -t + 9 = 4*c, -4*t = -2*c + 5*c - 10. What is the remainder when t is divided by 1?
0
Let v be 0/(-1) - -2 - -10. Suppose -v - 20 = -4*a. What is the remainder when a is divided by 3?
2
Suppose -2*a + 74 = -2*o, -2*a - 2*o + 2 = -92. Suppose 3*n + 0*n - a = 0. Let w = 24 - n. Calculate the remainder when 38 is divided by w.
8
Suppose 4*y = 7*y - 96. Let l(k) = k**2 - 4*k. Let r be l(4). Suppose a + 3*v - 17 = -r*v, -5*a - 2*v + 59 = 0. What is the remainder when y is divided by a?
10
Suppose 6*p - p - 150 = 0. Suppose 4*h - 35 = -b, -b - b + p = 3*h. What is the remainder when 31 is divided by h?
7
Let q be 6*(3 - 10/3). Calculate the remainder when 18 is divided by (14/8)/(q/(-8)).
4
Suppose u - 2*u = -45. Suppose 135 = -5*c - 3*q, -q - 2*q = 0. Let a = c + u. Calculate the remainder when 35 is divided by a.
17
Suppose 43 = -6*w + 631. Calculate the remainder when w is divided by 20.
18
Let d(r) = -r**3 - 4*r**2 - 4*r + 5. Let f be d(-4). Suppose f = 4*y - 39. Suppose -3*k + 18 + y = 0. Calculate the remainder when 32 is divided by k.
10
Let r = -89 + 142. Suppose 5*b - r - 27 = 0. Calculate the remainder when 46 is divided by b.
14
Let i be (30/(-9))/((-2)/3). Suppose i*v = 2*v + 42. What is the remainder when v is divided by 5?
4
Let l(h) = 40*h**2 - 3*h + 1. What is the remainder when l(-1) is divided by 9?
8
Suppose 78 - 383 = -5*o. What is the remainder when o is divided by 21?
19
Let o(q) = 4*q**2 + q + 3. Calculate the remainder when 59 is divided by o(-2).
8
Suppose 0 = 4*p + 85 - 301. What is the remainder when p is divided by 7?
5
Let p = 5 - 4. Suppose -d + p + 11 = 0. Calculate the remainder when 21 is divided by d.
9
Let c(z) = -3*z - 1. Let b be c(-1). Suppose 3*w - 4 = b*w. Calculate the remainder when 6 is divided by w.
2
Let w(n) = 13*n**2 - 3*n - 2. Calculate the remainder when 36 is divided by w(-1).
8
Suppose 0 = -5*c - 60 + 210. Let q(g) = g**3 - 2*g**2. Calculate the remainder when q(3) is divided by 2/1*c/12.
4
Suppose 1 = -5*c + 6*c, 4*c - 1 = 3*h. Suppose 0 = 3*o - 2*a - 2*a - 17, a = -o + h. Let t = 322 + -321. What is the remainder when o is divided by t?
0
Suppose -3*l + 0*l + 3*j = -213, -2*j = 4*l - 260. Let t = l - 42. Calculate the remainder when t is divided by 9.
7
Suppose 4*h - 4*q - 10 = 2, -4*h = 3*q - 12. Suppose 20 = 2*x + i + 1, -h*x + 5*i + 61 = 0. What is the remainder when x is divided by 5?
2
Let u be 4/(-6) - 280/(-6). Let q = 92 - u. Suppose q = 3*r - 4*l, 4*r - 82 = -4*l - l. What is the remainder when 35 is divided by r?
17
Let a(r) be the second derivative of 5*r**3/6 - 3*r. What is the remainder when 29 is divided by a(3)?
14
Suppose -3*u - b + 2*b + 72 = 0, u - 5*b = 38. Let t = -124 + 192. Calculate the remainder when t is divided by u.
22
Let y = 0 - -2. Suppose 0 = 2*z - 0 - 4. Calculate the remainder when y is divided by z.
0
Suppose 4*y = -18 - 34. Let r = -8 - y. Suppose 4*h = 3*z + 15, -4*h - 4*z = -z - 9. Calculate the remainder when r is divided by h.
2
Suppose -4*u - 622 = -2*i, -3*u + 0*i = i 